62 - 60822. What is the remainder when l is divided by a(8)?
15
Let a(u) = -u**2 + 91*u + 435. Calculate the remainder when a(0) is divided by 244.
191
Suppose -5 = -5*c + 10. Suppose 285 = 5*z + 3*x, -c = -5*z + 2*x + 257. Let i = 70 - z. What is the remainder when 46 is divided by i?
14
Let y be 2*(-5)/(-2) + (-61 - -176). Let a = -77 + y. Calculate the remainder when 82 is divided by a.
39
Let l(u) = 10*u**2 - 220*u + 777. Suppose m + 501 = 4*m. What is the remainder when m is divided by l(4)?
53
Suppose 0 = -5*p + 18*p. What is the remainder when 9/(-63) - p - (-1108)/14 is divided by 20?
19
Let o(w) = -w + 10. Let j(q) = -q + 9. Let r(m) = -5*j(m) + 6*o(m). Calculate the remainder when 309/5 + (-10)/(-50) is divided by r(4).
7
Suppose 0 = 5*n + 2 + 8, -2*k - 5*n + 264 = 0. Let z = 969 + -1763. Let p = z - -817. What is the remainder when k is divided by p?
22
Let h = -2131 - -2136. Suppose 0 - 1 = n. What is the remainder when (-7)/((2 + -1)/n) is divided by h?
2
Suppose 3*s = 5*b - 2*b + 2448, 0 = -3*s + 5*b + 2456. Suppose -2*a - 27*a = -s. Calculate the remainder when 72 is divided by a.
16
Let q = 15987 - 14584. What is the remainder when q is divided by 27?
26
Let f(q) = 34*q**2 - 2888*q - 6. Calculate the remainder when 1156 is divided by f(85).
8
Let v = -9 + 50. Let p(o) = -5*o**3 + 23*o**2 + 17*o - 20. Calculate the remainder when v is divided by p(5).
11
Suppose 11*b = 7*b + 9*b - 1325. Calculate the remainder when b is divided by 6.
1
Let z = 4121 - 4013. What is the remainder when z is divided by 24?
12
Calculate the remainder when (-3826)/(-33) - 266/(-4389) is divided by (0 - -86)*(-2)/(-4).
30
Suppose 5*a - 995 = -2*j - 779, a + 341 = 3*j. What is the remainder when 1013 is divided by j?
109
Suppose 3*x - 104 = 1074*o - 1076*o, 3*x - 3*o - 114 = 0. Calculate the remainder when 717 is divided by x.
33
Let l(v) = -77*v. Let y(j) = -3*j**2 - 340*j - 6002. What is the remainder when l(-1) is divided by y(-22)?
25
Suppose 5*w - q = 17826, 3574 = 28*w - 27*w + 2*q. What is the remainder when w is divided by 51?
47
Suppose v + 30 = 3*l + 5*v, -15 = 5*v. Suppose l*n = 13*n + 11. What is the remainder when 99/(-6)*(-4)/3 is divided by n?
0
Let i(x) = 579*x - 4240. What is the remainder when 431 is divided by i(8)?
39
Let s = 63 - 50. What is the remainder when 51/((8/(10 - 6))/6) is divided by s?
10
Suppose f - 106 = -2*f + 4*x, f + 2*x = 42. Let v = 116 - 29. Calculate the remainder when v is divided by f.
11
Suppose 0 = 383*b - 764*b + 385*b - 3304. What is the remainder when b is divided by 16?
10
Suppose 36*r + 225 = 39*r. Let j = r - 49. What is the remainder when 66 is divided by j?
14
Suppose 22*u + 39*u = -35136. Let q = -565 - u. What is the remainder when 114 is divided by q?
4
Let x(w) = 26*w**2 - 7*w + 8. Calculate the remainder when 620 is divided by x(2).
32
Let m(x) = x**3 - 11*x**2 - 31*x + 50. What is the remainder when m(15) is divided by 98?
93
Let x = -38017 + 67445. Calculate the remainder when x is divided by 270.
268
Let o = 444 - 434. Suppose o*u - 306 = -66. What is the remainder when 26 is divided by u?
2
Suppose 0 = 3*g + 4*j - 523, 4*g - j - 22 - 688 = 0. What is the remainder when g is divided by 67?
43
Suppose -27*f + 46*f - 1600 - 414 = 0. Calculate the remainder when 140 is divided by f.
34
Let d(p) = 6*p**3 + p**2 + 30*p - 122. Calculate the remainder when 8199 is divided by d(3).
137
Let f(q) = q**3 - 2*q**2 - 37*q + 37. What is the remainder when f(10) is divided by 234?
233
Suppose 0 = 20*j + 2212 - 8872. What is the remainder when j is divided by 85?
78
Suppose 2083 + 1661 = 18*f. Calculate the remainder when 5404 is divided by f.
204
Suppose -h - s + 133 = -6*h, 4*h = -s - 110. Let q = 145 - h. Calculate the remainder when q is divided by 16.
12
Let t(d) = 18*d + 67 + 11*d - 5 - d**2 + 0*d. What is the remainder when t(27) is divided by 61?
55
Suppose 18*h + 490 = 23*h. Suppose 0*k = 2*k - h. Suppose 7*i = -0*i + k. What is the remainder when 26 is divided by i?
5
What is the remainder when (-12)/(-10) + (-10899)/(-105) is divided by 264/15 + 2/5?
15
Let j(b) = 46*b + 443. What is the remainder when 314 is divided by j(-9)?
24
Suppose 5*z = 7*z - 12. What is the remainder when 51 is divided by (-74)/(-12) - 1/z?
3
Suppose -4*j - 100 = -o, -3*o - 7*j + 4*j + 315 = 0. Suppose 6 + 98 = 4*h. Calculate the remainder when o is divided by h.
0
Calculate the remainder when 138848/(-20)*345/(-92) is divided by 99.
96
Let v(m) = -3*m + 9. Let w be v(5). Let a(b) = -b**2 - 15*b + 14. Let n = 39 + -21. Calculate the remainder when a(w) is divided by n.
14
Let j be (-533)/(-5) + (-2)/(-5). Let g = j - -65. What is the remainder when g is divided by -8*493/(-544)*(7 - -1)?
56
Suppose 0 = 2*h + 216 - 222, -2*p + 5*h = -75. Calculate the remainder when p is divided by 41.
4
Let l = 39 - 33. Suppose 9*n - 12 - l = 0. Suppose 5 = -n*i + 13, 2*i - 149 = -3*h. Calculate the remainder when h is divided by 16.
15
Let t be -2*((-3)/6 + 0). Let h be t*188/28 - (-6)/21. Suppose -5*c = -h*c + 22. Calculate the remainder when c is divided by 4.
3
Let z = -1 + 4. Suppose -3*c = -x + 3, -5 = -3*x - 5*c - 24. What is the remainder when z is divided by ((-6)/(-18))/((x/18)/(-1))?
1
Suppose 248*h = 259*h - 352. What is the remainder when 67 is divided by h?
3
Let g = 3278 - 3055. Calculate the remainder when g is divided by 9.
7
Suppose -154 = -4*l - 5*u, 5*l + 36*u - 49 = 40*u. Suppose 3*r = 4*x - 46, 0*r - 2*r - 14 = -x. Calculate the remainder when l is divided by x.
1
Let g(p) = p**3 - 12*p**2 + 15*p - 25. Let l(z) = -26*z - 145. Let o be l(-6). Calculate the remainder when 70 is divided by g(o).
13
Let z be (-93)/(-18) + (-174)/(-36) + -5. Suppose 505 = 4*f - 3*t - 279, -z*t = 4*f - 784. What is the remainder when f is divided by 11?
9
Let w = 6474 - 6445. Suppose -116 = -3*s + 229. Calculate the remainder when s is divided by w.
28
Let y be (-6 + 3)*(-8)/(-12). Suppose -2*r - 5*g = -21 - 35, 0 = 2*g. Calculate the remainder when (148*6/4)/(0 - y) is divided by r.
27
Suppose -26*y + 7 = -25*y + 3*m, 20 = 4*y + 4*m. Suppose -y*w + 1144 + 516 = 0. What is the remainder when w is divided by 52?
51
Let t(o) = 5*o**3 - o**2 - 3 - 8*o + o**3 - 12*o**3. Let g be t(-4). Suppose 7 = -4*u + 3, -5*a = -2*u - g. What is the remainder when a is divided by 27?
25
Let m(z) = 2*z + 9. Let d be m(-3). Suppose -d*a = a + 5*g - 136, -5*a + 2*g = -203. Suppose 128 + 68 = 14*h. Calculate the remainder when a is divided by h.
11
Let c = 305 + -230. Calculate the remainder when 1267 is divided by c.
67
Suppose -4*a - 27*m = -23*m - 336, -2*m - 152 = -2*a. Calculate the remainder when a is divided by 32.
16
Let h be (-22)/4*-2 + -6. Suppose -3*j + 100 = -2*p, 0 = 4*j + h*p - 3*p - 110. Calculate the remainder when j is divided by 24.
6
Let t be 1*5 + 32 + -28. Let h(v) = 3*v**2 + 3*v - 11. What is the remainder when h(t) is divided by 52?
51
Let d(u) = -u**3 - 16*u**2 - 14*u + 35. Suppose -c = 2*l - 77, c - 4*l + 28 = 111. Calculate the remainder when c is divided by d(-15).
19
Suppose 0 = -14*b + 4*b + 130. Let x(p) = 10*p - 96. Calculate the remainder when x(12) is divided by b.
11
Let x = -3462 - -3706. What is the remainder when 745 is divided by x?
13
What is the remainder when (1 - 2)/(450213/(-45021) + 10) is divided by 134?
133
Let o(m) = 255*m**2 + 87*m - 9. What is the remainder when o(-3) is divided by 3?
0
Let p(o) = -2*o**3 + 9*o**2 + 55*o - 94. Calculate the remainder when p(7) is divided by 31.
15
Let m = -45 - -76. Suppose -4*q - 98 = -5*n, 2*q - m = -n - q. Suppose t + n = b + b, -b - t = -11. Calculate the remainder when 21 is divided by b.
10
What is the remainder when 81 is divided by -8*((-33)/77)/(10/35)?
9
Let g be 258/(8/64*-6). Let c = g + 864. What is the remainder when c is divided by 9?
7
Let z(k) = -k**3 - 8*k**2 + 19*k + 136. Suppose 6*m - 2*m = 4*b + 44, 4*b = -5*m + 28. What is the remainder when z(-9) is divided by (-2)/8 - (-138)/m?
12
Let o(i) = -2*i + 7. Let c(y) = -191*y + 45. What is the remainder when c(0) is divided by o(-8)?
22
Suppose 88 + 8 = 2*k. Let i = 109 - 106. Suppose -4*o - 212 = -5*d - 75, i*d - 3*o - 84 = 0. Calculate the remainder when k is divided by d.
23
Suppose 0 = -4*f - 0*f + 68. Wh